 4*s + 3*l - 4. What is the greatest common divisor of 30 and s?
5
Let d be (0 - -3)/(6/4). What is the greatest common divisor of d and 8?
2
Suppose 2*u - 62 - 46 = 0. Suppose 0 = -b - 2*b + u. Calculate the highest common divisor of 198 and b.
18
Let h = -5 + 33. What is the highest common factor of 7 and h?
7
Let c = -38 + 47. What is the greatest common factor of c and 18?
9
Suppose 3*c - 32 = 184. Calculate the greatest common divisor of 12 and c.
12
Let t(z) = 2*z**2 - 5*z + 3. Let y be t(3). Suppose -2*p = o, y*o - 3*o - 3*p = 9. Suppose 2*s = -o*s + 144. What is the greatest common divisor of 12 and s?
12
Suppose 54 = -3*y + 5*y - 3*m, 156 = 5*y + 3*m. Let t = 32 - 11. Let u = 31 - t. What is the greatest common factor of y and u?
10
Let j be 96/(-20)*(-80)/6. Let z = -15 + j. Calculate the greatest common divisor of z and 7.
7
Suppose -8 - 2 = -2*n. Let y be 12/(-10)*(3 - 62/4). Calculate the highest common factor of y and n.
5
Let f be (-4*1)/(-4) - -152. Calculate the greatest common divisor of 17 and f.
17
Let h be (2 - (1 - -2))*-41. Let d = 21 - h. Let l be d*(-4)/(-3)*-3. What is the greatest common factor of l and 10?
10
Let k(z) = -57*z - 1. Let v be k(1). Let h = v + 152. Suppose 0*j - 5*j = -5*o + 80, 5*o + 2*j - h = 0. What is the highest common factor of 6 and o?
6
Let q be (0 - 2/(-6))*9. Let b = q - 4. Let k be -1 + (b - -12*1). Calculate the greatest common factor of k and 2.
2
Suppose n + 2*n - 21 = 0. Calculate the highest common divisor of 28 and n.
7
Suppose -159 + 31 = -4*k. What is the greatest common divisor of 32 and k?
32
Suppose -60 = -4*u + 12. Calculate the highest common divisor of u and 6.
6
Suppose 32 = 3*i + 5. Suppose l = -4 + i. What is the greatest common divisor of l and 45?
5
Suppose -65 = -4*u - 17. Let j be (-1)/(-3) + (-844)/3. Let g = -173 - j. Calculate the highest common factor of g and u.
12
Let t(h) = 5*h**3 - h**2 - h + 1. Let i be t(2). Let w = 15 - 19. Let x(r) = -4*r - 2. Let b be x(w). Calculate the greatest common factor of b and i.
7
Suppose -3*g - 9 = 0, -5*a - 5*g = -600 - 120. Calculate the greatest common factor of 21 and a.
21
Let y be 1/(-5) + (-30)/(-25). Let x be 7/(-3)*(-5 - -2). What is the highest common factor of y and x?
1
Let s be 166/3 + 1/(-3). Let d(u) = -u**3 + 10*u**2 - 8*u - 6. Let f be d(9). Suppose -6 - 27 = -f*w. Calculate the highest common divisor of s and w.
11
Let f(i) = 5*i - 20. Let j be f(8). Suppose 0 = -3*v + 2*n + 25, 0 = 5*n - n + j. Calculate the highest common factor of 25 and v.
5
Let u = 4 - 2. Let j = u + 0. Suppose -j*n + 27 = 2*t - 5*n, 5*t = -2*n + 58. Calculate the greatest common divisor of 36 and t.
12
Let x be ((-6)/(-5))/(1/5). Let z be ((-4)/x)/(4/768). Let q be 3*(z/6)/(-4). Calculate the greatest common factor of 4 and q.
4
Suppose 561 = -5*b - 2*j, -3*b - b + 2*j - 456 = 0. Let n = b - -289. Let a(m) = 7*m**2 - 4*m + 2. Let o be a(2). What is the highest common factor of o and n?
22
Suppose 6*u - 192 = 2*u. What is the highest common divisor of 32 and u?
16
Suppose 0 = 4*b + 4*y - 4, 3*b - y - 43 = 4*y. Calculate the greatest common divisor of 2 and b.
2
Let w be (-1)/((-1)/3) - -24. Calculate the greatest common factor of 18 and w.
9
Suppose 0 = -5*n - 5*h + 30, 3*n + h - 12 = -n. Let d be n/(((-16)/(-68))/2). Calculate the highest common divisor of 51 and d.
17
Suppose 90 = -2*z + 7*z. Calculate the greatest common divisor of z and 6.
6
Suppose 0 = -3*u - r - 31, -5*r = 5 - 0. Let b = u - -13. What is the greatest common divisor of 21 and b?
3
Suppose 2*c + 2*c + 736 = 4*h, -190 = -h - c. Suppose 3*f - 94 = 8. Let s be f/((-4)/6*-3). Calculate the greatest common factor of s and h.
17
Let x(z) = z**3 + 5*z**2 + z - 1. Let c be 13/(-3) - (-2)/6. Let w be x(c). Calculate the highest common factor of w and 99.
11
Let h = -6 - -8. Suppose -40 = i - h*i. What is the greatest common divisor of i and 5?
5
Let f(a) = 6*a**3 + 3*a**2 - 3*a. Let c be f(2). Suppose -4*g + c = -2*g. Let j be 3639/g + 4/18. Calculate the highest common factor of 15 and j.
15
Let f = 63 + -33. Let d = -13 - -33. What is the greatest common divisor of f and d?
10
Let y(i) = i**3 - 4. Let p be y(3). Let z(c) = -c**2 - 22*c - 2. Let v be z(-9). Calculate the highest common factor of v and p.
23
Let c be (16 - 3) + 12/4. What is the greatest common factor of c and 32?
16
Suppose -3*k + 7*k - 448 = 3*g, -4*g = -2*k + 214. Let b = k + -63. Calculate the highest common divisor of 13 and b.
13
Let u = 10 + 4. What is the highest common divisor of 98 and u?
14
Let r(i) = -i + 11. Let g be r(10). Let y be 1*(1 - -11) + g. Let q be 0 + (-54 - -2)*-1. What is the greatest common divisor of q and y?
13
Suppose -4*i = i. Suppose -3*t - 116 = -2*h, 2*h - 132 = -t - i*t. What is the highest common factor of 8 and h?
8
Let f(d) = d**2 + 11*d - 11. Let c be f(-12). Calculate the highest common divisor of c and 4.
1
Suppose 11 + 69 = 2*c + 2*r, 0 = -r. Calculate the highest common factor of c and 180.
20
Let b = -53 - -98. Suppose 4*l - 23 + 3 = 0. Calculate the greatest common factor of b and l.
5
Let n be ((-36)/(-10))/(12/30). Calculate the greatest common divisor of n and 18.
9
Suppose -31 + 7 = -2*y. Calculate the highest common factor of y and 6.
6
Suppose 13 + 17 = 5*p + 5*x, 5*p + 2*x - 45 = 0. Calculate the greatest common divisor of p and 44.
11
Let n(m) = m - 3. Let j(v) = 3*v**2 + 2*v - 1. Let i be j(1). Let f be n(i). Let s = 12 - 4. Calculate the highest common factor of s and f.
1
Let z(q) = q**2 + 2*q + 2. Let l be z(-4). Calculate the highest common factor of 5 and l.
5
Let c be (-18)/4*12/(-9). Let j be c/(((-6)/2)/(-9)). Calculate the greatest common divisor of 18 and j.
18
Let l(z) = 2*z**2 - z + 6. Let m be l(-6). Suppose -5*t - 19 = -f - m, 3*f = 3*t - 27. Calculate the greatest common factor of 154 and t.
14
Suppose 0*b = -3*a + 5*b + 146, 5*a - b = 258. Calculate the highest common factor of 13 and a.
13
Suppose -j = 4*l - 4 + 1, -43 = -3*j + 5*l. Let z be (-10)/4*56/(-35). Let m be 112 + (2 - 0 - z). Calculate the highest common divisor of j and m.
11
Suppose -2*o + 4*o + 8 = 0. Let l be -2*(-2)/o - -23. Suppose l = -3*p + 5*p. Calculate the greatest common divisor of 22 and p.
11
Let w(o) = -2*o + 4. Let q be (-2 + 1 + 0)*4. Let m be w(q). What is the greatest common factor of 12 and m?
12
Let k(b) = -4*b + 6. Let c = -1 + 6. Let z be k(c). Let n = -5 - z. Calculate the greatest common divisor of 18 and n.
9
Suppose 11 = 3*q - 1. Let l be (-4)/(-3) - q/(-6). Suppose 6*b - l*b = 120. What is the greatest common factor of 45 and b?
15
Let j(g) = 7*g**3 + 2*g**2 + 2*g - 3. Suppose -2*o - 4 = 4, p - 6 = o. Let x be j(p). Suppose -5*h = -0*h - x. What is the highest common factor of 52 and h?
13
Let n = 197 - 21. Calculate the highest common factor of 16 and n.
16
Suppose -2*k + 4 = -16. Let p(r) = -r**2 - 6*r - 3. Let i be p(-6). Let b(d) = -9*d + 3. Let z be b(i). Calculate the highest common divisor of z and k.
10
Suppose -5*f = 2*b - 28, 5*f - 4*b - 5 = -1. Let l be 80/(-4)*3/(-6). Calculate the greatest common divisor of f and l.
2
Suppose 4*g = 159 + 201. Suppose -7*w = -2*w - g. Suppose 2*o = 5*u + 244 - 84, 4*o = -5*u + 380. What is the greatest common divisor of w and o?
18
Suppose 12 = 2*s - 66. Calculate the greatest common divisor of s and 13.
13
Suppose -5*x + 7*x - 250 = 0. Calculate the highest common divisor of x and 50.
25
Let i(x) = -2*x + 2. Let n be i(-9). What is the greatest common factor of 4 and n?
4
Suppose -3*v - 13 = -40. Suppose -f - 40 = -5*r + 4*f, -2*f + 20 = 2*r. What is the highest common factor of r and v?
9
Suppose -5*h + 101 = 4*u, 5*h + 0*u = -u + 104. Calculate the highest common divisor of h and 147.
21
Let r(s) = -21*s - 2. Suppose -4*d + 6*d = 0. Suppose -y - g + d*g - 5 = 0, 2*g = 3*y. Let x be r(y). Calculate the greatest common factor of 5 and x.
5
Suppose 2*n + 254 = 3*a, -n = a - 3*n - 86. Suppose 5*r = -2*y + 67, 5*y - 5*r - 111 = -31. Calculate the greatest common factor of y and a.
21
Suppose -d + 155 = 4*l, -4*d = -3*l - 190 - 335. Suppose -6*m + 3*m + 81 = 0. What is the highest common divisor of d and m?
27
Suppose 0 = -5*i + 2*i + 4*o + 101, -2*i - 3*o = -39. Calculate the highest common divisor of 45 an